the remainder when 11960 is divided by 2323?
345
What is the remainder when 159358 is divided by 111?
73
Calculate the remainder when 68096 is divided by 50.
46
Calculate the remainder when 767 is divided by 27.
11
What is the remainder when 2974437 is divided by 210?
207
Calculate the remainder when 9621 is divided by 153.
135
What is the remainder when 389347 is divided by 1?
0
What is the remainder when 5851 is divided by 30?
1
Calculate the remainder when 609714 is divided by 619.
618
What is the remainder when 110818 is divided by 262?
254
What is the remainder when 3794 is divided by 273?
245
Calculate the remainder when 178176 is divided by 154.
152
What is the remainder when 56776 is divided by 91?
83
What is the remainder when 4326 is divided by 493?
382
What is the remainder when 2990 is divided by 206?
106
What is the remainder when 7416 is divided by 1622?
928
Calculate the remainder when 93572 is divided by 197.
194
Calculate the remainder when 181724 is divided by 20187.
41
What is the remainder when 2043 is divided by 243?
99
Calculate the remainder when 1138 is divided by 287.
277
What is the remainder when 6643 is divided by 62?
9
What is the remainder when 142233 is divided by 6184?
1
Calculate the remainder when 3052 is divided by 170.
162
Calculate the remainder when 26695 is divided by 4414.
211
What is the remainder when 4097 is divided by 680?
17
What is the remainder when 3746 is divided by 1638?
470
What is the remainder when 41827 is divided by 10421?
143
Calculate the remainder when 22342 is divided by 297.
67
Calculate the remainder when 61409 is divided by 10234.
5
What is the remainder when 4616 is divided by 67?
60
What is the remainder when 710 is divided by 31?
28
What is the remainder when 16817 is divided by 137?
103
Calculate the remainder when 273535 is divided by 128.
127
Calculate the remainder when 5905208 is divided by 29.
25
What is the remainder when 76119 is divided by 38056?
7
What is the remainder when 2340 is divided by 108?
72
Calculate the remainder when 312158 is divided by 246.
230
What is the remainder when 224972 is divided by 74990?
2
What is the remainder when 9230 is divided by 54?
50
What is the remainder when 169921 is divided by 536?
9
What is the remainder when 902113 is divided by 9?
7
Calculate the remainder when 271 is divided by 47.
36
What is the remainder when 19986 is divided by 2847?
57
Calculate the remainder when 1209 is divided by 76.
69
What is the remainder when 40482 is divided by 168?
162
Calculate the remainder when 148331 is divided by 170.
91
What is the remainder when 536 is divided by 169?
29
Calculate the remainder when 38510 is divided by 2265.
5
Calculate the remainder when 372074 is divided by 390.
14
What is the remainder when 15419 is divided by 198?
173
Calculate the remainder when 18123 is divided by 36.
15
What is the remainder when 1884 is divided by 628?
0
Calculate the remainder when 6934 is divided by 145.
119
What is the remainder when 340971 is divided by 15?
6
What is the remainder when 43842 is divided by 45?
12
Calculate the remainder when 81895 is divided by 25.
20
What is the remainder when 383747 is divided by 250?
247
Calculate the remainder when 5586 is divided by 5486.
100
Calculate the remainder when 3280 is divided by 815.
20
Calculate the remainder when 2879 is divided by 459.
125
Calculate the remainder when 8114 is divided by 310.
54
What is the remainder when 16185 is divided by 1155?
15
What is the remainder when 13205 is divided by 401?
373
What is the remainder when 900034 is divided by 29?
19
Calculate the remainder when 52106 is divided by 14.
12
Calculate the remainder when 37263 is divided by 2478.
93
What is the remainder when 21273 is divided by 25?
23
Calculate the remainder when 16427 is divided by 411.
398
What is the remainder when 5119 is divided by 616?
191
What is the remainder when 256817 is divided by 41?
34
What is the remainder when 793295 is divided by 56?
55
Calculate the remainder when 176552 is divided by 306.
296
Calculate the remainder when 4191990 is divided by 9.
6
Calculate the remainder when 353361 is divided by 70669.
16
Calculate the remainder when 5807 is divided by 643.
20
What is the remainder when 11201 is divided by 188?
109
Calculate the remainder when 629 is divided by 98.
41
Calculate the remainder when 99252 is divided by 41.
32
Calculate the remainder when 5041 is divided by 1112.
593
What is the remainder when 1152 is divided by 662?
490
What is the remainder when 54320 is divided by 108?
104
Calculate the remainder when 533595 is divided by 10.
5
Calculate the remainder when 65420 is divided by 2725.
20
What is the remainder when 5566 is divided by 2703?
160
What is the remainder when 58763 is divided by 996?
995
What is the remainder when 193341 is divided by 96?
93
What is the remainder when 135461 is divided by 328?
325
What is the remainder when 75076 is divided by 110?
56
Calculate the remainder when 2064751 is divided by 68.
67
Calculate the remainder when 239436 is divided by 23941.
26
Calculate the remainder when 208162 is divided by 85.
82
What is the remainder when 31745 is divided by 511?
63
Calculate the remainder when 925641 is divided by 225.
216
What is the remainder when 40085 is divided by 364?
45
What is the remainder when 14239 is divided by 2383?
2324
Calculate the remainder when 102990 is divided by 157.
155
What is the remainder when 10444 is divided by 1122?
346
Calculate the remainder when 261192 is divided by 1476.
1416
What is the remainder when 13344747 is divided by 250?
247
What is the remainder when 996 is divided by 331?
3
What is the remainder when 50451 is divided by 95?
6
What is the remainder when 57834 is divided by 6?
0
Calculate the remainder when 199673 is divided by 99833.
7
Calculate the remainder when 19333 is divided by 245.
223
Calculate the remainder when 10621 is divided by 32.
29
What is the remainder when 7115 is divided by 7090?
25
What is the remainder when 9789 is divided by 2445?
9
Calculate the remainder when 83886 is divided by 20.
6
Calculate the remainder when 55913 is divided by 1243.
1221
Calculate the remainder when 127771 is divided by 362.
347
What is the remainder when 716 is divided by 323?
70
What is the remainder when 24512 is divided by 72?
32
What is the remainder when 1007 is divided by 47?
20
What is the remainder when 281923 is divided by 537?
535
What is the remainder when 107989 is divided by 295?
19
What is the remainder when 5126 is divided by 1706?
8
Calculate the remainder when 262233 is divided by 52.
49
Calculate the remainder when 5453 is divided by 140.
133
What is the remainder when 10179 is divided by 298?
47
Calculate the remainder when 20869 is divided by 672.
37
Calculate the remainder when 10000 is divided by 2488.
48
What is the remainder when 329059 is divided by 203?
199
What is the remainder when 159605 is divided by 151?
149
What is the remainder when 3301 is divided by 1634?
33
Calculate the remainder when 16168 is divided by 110.
108
What is the remainder when 13410 is divided by 170?
150
What is the remainder when 989 is divided by 249?
242
What is the remainder when 649 is divided by 7?
5
Calculate the remainder when 35190 is divided by 1091.
278
What is the remainder when 1405138 is divided by 66?
64
Calculate the remainder when 198238 is divided by 12389.
14
Calculate the remainder when 14996 is divided by 20.
16
Calculate the remainder when 148829 is divided by 902.
901
What is the remainder when 7343 is divided by 3654?
35
What is the remainder when 11118 is divided by 3665?
123
What is the remainder when 2426 is divided by 68?
46
What is the remainder when 400844 is divided by 118?
116
What is the remainder when 45557 is divided by 40?
37
What is the remainder when 3121 is divided by 3120?
1
Calculate the remainder when 6454 is divided by 20.
14
Calculate the remainder when 22612 is divided by 1083.
952
Calculate the remainder when 47666 is divided by 1541.
1436
What is the remainder when 23404 is divided by 3?
1
Calculate the remainder when 101339 is divided by 60.
59
What is the remainder when 6311 is divided by 5077?
1234
What is the remainder when 118600 is divided by 13175?
25
What is